{"id":1728,"date":"2016-09-13T11:58:36","date_gmt":"2016-09-13T09:58:36","guid":{"rendered":"http:\/\/deutscher-kinderverein.de\/en\/?page_id=1728"},"modified":"2024-08-27T23:11:14","modified_gmt":"2024-08-27T21:11:14","slug":"gesicht-zeigen-die-kampagne","status":"publish","type":"page","link":"https:\/\/deutscher-kinderverein.de\/en\/gesicht-zeigen-die-kampagne\/","title":{"rendered":"Gesicht zeigen &#8211; Die Kampagne"},"content":{"rendered":"<div class=\"fusion-fullwidth fullwidth-box fusion-builder-row-1 hundred-percent-fullwidth non-hundred-percent-height-scrolling\" style=\"--awb-border-radius-top-left:0px;--awb-border-radius-top-right:0px;--awb-border-radius-bottom-right:0px;--awb-border-radius-bottom-left:0px;--awb-overflow:visible;--awb-flex-wrap:wrap;\" ><div class=\"fusion-builder-row fusion-row\"><div class=\"fusion-layout-column fusion_builder_column fusion-builder-column-0 fusion_builder_column_1_1 1_1 fusion-one-full fusion-column-first fusion-column-last\" style=\"--awb-bg-size:cover;\"><div class=\"fusion-column-wrapper fusion-flex-column-wrapper-legacy\"><div class=\"fusion-text fusion-text-1\"><p><strong>Germany shows its true colours against child abuse.<\/strong><br \/>\n<strong>Deutscher Kinderverein launches exhibition with celebrities<\/strong><\/p>\n<p>They look serious, determined and resolute. Strikingly portrayed against a contrasting black background by photographer Carsten Sander, their faces display their true colours: songwriter Andreas Bourani, professional football player and member of Germany&#8217;s champion World Cup team Roman Weidenfeller, actor Mario Adorf and Armin Rohde, Hannelore Elsner and Andrea Sawatzki, Charit\u00e9 forensic medicine specialist Prof. Michael Tsokos, M.D., and others. The health insurance scheme BARMER GEK is cooperation partner in the campaign.<\/p>\n<p>What is it that has aroused all these individuals? Every day, 11 children are severely beaten, requiring hospital treatment. A total of approximately 4000 cases have been recorded. In 2015, 130 children died from injuries caused by physical abuse. 81 per cent of them were less than six years old when they died. According to the German Federal Bureau of Investigation, 52 cases did not go beyond attempted murder. It is generally accepted, however, that all these numbers are only the tip of the iceberg, with the vast majority of cases remaining unreported. More than 200,000 children suffer abuse in Germany, according to forensic medicine specialists Tsokos and Etzold.<\/p>\n<p>&#8222;We fight against the abuse of children and for their rights,&#8220; is the slogan of the Deutscher Kinderverein. More and more people are supporting this cause and are showing their true colours in the truest sense of the word. In a national photograph initiative, celebrities from the worlds of film, sports and the media as well as many people who are not in the limelight are taking up the topic. The exhibition is to be shown in the buildings of STILWERK gallery. All photos and statements furthermore feature in an 80-page exhibition catalogue.<\/p>\n<p>Kinderverein would like to use this campaign to carry on the fight against the taboo topic of child abuse. It seeks to stir things up and inform. &#8222;We would be pleased if you would support us in this important task. Take a close look at the alarming facts and together with us show your true colours against child abuse,&#8220; is how Rainer Rettinger, Managing Director of the Kinderverein, sums up the initiative.<\/p>\n<p>Here are some sample photos from the campaign:<\/p>\n<\/div><div class=\"fusion-clearfix\"><\/div><\/div><\/div><div class=\"fusion-layout-column fusion_builder_column fusion-builder-column-1 fusion_builder_column_1_3 1_3 fusion-one-third fusion-column-first\" style=\"--awb-bg-size:cover;width:33.33%; margin-right: 4%;\"><div class=\"fusion-column-wrapper fusion-flex-column-wrapper-legacy\"><div class=\"fusion-image-element in-legacy-container\" style=\"--awb-caption-title-font-family:var(--h2_typography-font-family);--awb-caption-title-font-weight:var(--h2_typography-font-weight);--awb-caption-title-font-style:var(--h2_typography-font-style);--awb-caption-title-size:var(--h2_typography-font-size);--awb-caption-title-transform:var(--h2_typography-text-transform);--awb-caption-title-line-height:var(--h2_typography-line-height);--awb-caption-title-letter-spacing:var(--h2_typography-letter-spacing);\"><span class=\" fusion-imageframe imageframe-none imageframe-1 hover-type-none\"><img decoding=\"async\" src=\"http:\/\/deutscher-kinderverein.de\/en\/wp-content\/uploads\/2016\/09\/Angelina-Rigby-1.jpg\" alt class=\"img-responsive\"\/><\/span><\/div><div class=\"fusion-clearfix\"><\/div><\/div><\/div><div class=\"fusion-layout-column fusion_builder_column fusion-builder-column-2 fusion_builder_column_1_3 1_3 fusion-one-third\" style=\"--awb-bg-size:cover;width:33.33%; margin-right: 4%;\"><div class=\"fusion-column-wrapper fusion-flex-column-wrapper-legacy\"><div class=\"fusion-image-element in-legacy-container\" style=\"--awb-caption-title-font-family:var(--h2_typography-font-family);--awb-caption-title-font-weight:var(--h2_typography-font-weight);--awb-caption-title-font-style:var(--h2_typography-font-style);--awb-caption-title-size:var(--h2_typography-font-size);--awb-caption-title-transform:var(--h2_typography-text-transform);--awb-caption-title-line-height:var(--h2_typography-line-height);--awb-caption-title-letter-spacing:var(--h2_typography-letter-spacing);\"><span class=\" fusion-imageframe imageframe-none imageframe-2 hover-type-none\"><img decoding=\"async\" src=\"http:\/\/deutscher-kinderverein.de\/en\/wp-content\/uploads\/2016\/09\/Konrad-Peschmann-THE-SHACK-1.jpg\" alt class=\"img-responsive\"\/><\/span><\/div><div class=\"fusion-clearfix\"><\/div><\/div><\/div><div class=\"fusion-layout-column fusion_builder_column fusion-builder-column-3 fusion_builder_column_1_3 1_3 fusion-one-third fusion-column-last\" style=\"--awb-bg-size:cover;width:33.33%;\"><div class=\"fusion-column-wrapper fusion-flex-column-wrapper-legacy\"><div class=\"fusion-image-element in-legacy-container\" style=\"--awb-caption-title-font-family:var(--h2_typography-font-family);--awb-caption-title-font-weight:var(--h2_typography-font-weight);--awb-caption-title-font-style:var(--h2_typography-font-style);--awb-caption-title-size:var(--h2_typography-font-size);--awb-caption-title-transform:var(--h2_typography-text-transform);--awb-caption-title-line-height:var(--h2_typography-line-height);--awb-caption-title-letter-spacing:var(--h2_typography-letter-spacing);\"><span class=\" fusion-imageframe imageframe-none imageframe-3 hover-type-none\"><img decoding=\"async\" src=\"http:\/\/deutscher-kinderverein.de\/en\/wp-content\/uploads\/2016\/09\/Melanie-Siegel-1-1.jpg\" alt class=\"img-responsive\"\/><\/span><\/div><div class=\"fusion-clearfix\"><\/div><\/div><\/div><div class=\"fusion-layout-column fusion_builder_column fusion-builder-column-4 fusion_builder_column_1_3 1_3 fusion-one-third fusion-column-first\" style=\"--awb-bg-size:cover;width:33.33%; margin-right: 4%;\"><div class=\"fusion-column-wrapper fusion-flex-column-wrapper-legacy\"><div class=\"fusion-text fusion-text-2\"><p><em>&#8222;Niemals gegen die Wehrlosen!&#8220;<\/em><\/p>\n<p>Angelina Rigby, Senior Director Sales Central Europe<\/p>\n<\/div><div class=\"fusion-clearfix\"><\/div><\/div><\/div><div class=\"fusion-layout-column fusion_builder_column fusion-builder-column-5 fusion_builder_column_1_3 1_3 fusion-one-third\" style=\"--awb-bg-size:cover;width:33.33%; margin-right: 4%;\"><div class=\"fusion-column-wrapper fusion-flex-column-wrapper-legacy\"><div class=\"fusion-text fusion-text-3\"><p><em>&#8222;Wer an Schutzbefohlenen Gewalt aus\u00fcbt, sollte sich dringend Hilfe aufsuchen, denn Gewaltbereitschaft hat immer eine Ursache, der man begegnen kann und muss!&#8220;<\/em><\/p>\n<p>Konrad Peschmann, Tonmeister TheSoundShack GmbH, Hamburg<\/p>\n<\/div><div class=\"fusion-clearfix\"><\/div><\/div><\/div><div class=\"fusion-layout-column fusion_builder_column fusion-builder-column-6 fusion_builder_column_1_3 1_3 fusion-one-third fusion-column-last\" style=\"--awb-bg-size:cover;width:33.33%;\"><div class=\"fusion-column-wrapper fusion-flex-column-wrapper-legacy\"><div class=\"fusion-text fusion-text-4\"><p><em>&#8222;Gewalt gegen Kinder, Kindesmisshandlung ist ein Thema, das mich zutiefst ersch\u00fcttert. Erfahren Kinder Gewalt und Misshandlung, hat das Auswirkungen auf ihre Zukunft. Denn auch wenn die \u00e4u\u00dferen Wunden schon l\u00e4ngst verheilt sind, k\u00f6nnen die inneren Wunden ein Leben lang bleiben.&#8220;<\/em><\/p>\n<p>Melanie Siegel, Dipl. Sozialwissenschaftlerin, Fachberaterin f\u00fcr Psychotraumatologie<\/p>\n<\/div><div class=\"fusion-clearfix\"><\/div><\/div><\/div><div class=\"fusion-layout-column fusion_builder_column fusion-builder-column-7 fusion_builder_column_1_3 1_3 fusion-one-third fusion-column-first\" style=\"--awb-bg-size:cover;width:33.33%; margin-right: 4%;\"><div class=\"fusion-column-wrapper fusion-flex-column-wrapper-legacy\"><div class=\"fusion-image-element in-legacy-container\" style=\"--awb-caption-title-font-family:var(--h2_typography-font-family);--awb-caption-title-font-weight:var(--h2_typography-font-weight);--awb-caption-title-font-style:var(--h2_typography-font-style);--awb-caption-title-size:var(--h2_typography-font-size);--awb-caption-title-transform:var(--h2_typography-text-transform);--awb-caption-title-line-height:var(--h2_typography-line-height);--awb-caption-title-letter-spacing:var(--h2_typography-letter-spacing);\"><span class=\" fusion-imageframe imageframe-none imageframe-4 hover-type-none\"><img decoding=\"async\" src=\"http:\/\/deutscher-kinderverein.de\/en\/wp-content\/uploads\/2016\/09\/Roman.jpg\" alt class=\"img-responsive\"\/><\/span><\/div><div class=\"fusion-clearfix\"><\/div><\/div><\/div><div class=\"fusion-layout-column fusion_builder_column fusion-builder-column-8 fusion_builder_column_1_3 1_3 fusion-one-third\" style=\"--awb-bg-size:cover;width:33.33%; margin-right: 4%;\"><div class=\"fusion-column-wrapper fusion-flex-column-wrapper-legacy\"><div class=\"fusion-image-element in-legacy-container\" style=\"--awb-caption-title-font-family:var(--h2_typography-font-family);--awb-caption-title-font-weight:var(--h2_typography-font-weight);--awb-caption-title-font-style:var(--h2_typography-font-style);--awb-caption-title-size:var(--h2_typography-font-size);--awb-caption-title-transform:var(--h2_typography-text-transform);--awb-caption-title-line-height:var(--h2_typography-line-height);--awb-caption-title-letter-spacing:var(--h2_typography-letter-spacing);\"><span class=\" fusion-imageframe imageframe-none imageframe-5 hover-type-none\"><img decoding=\"async\" src=\"http:\/\/deutscher-kinderverein.de\/en\/wp-content\/uploads\/2016\/09\/Tom-Thomsen-Auktionator-1.jpg\" alt class=\"img-responsive\"\/><\/span><\/div><div class=\"fusion-clearfix\"><\/div><\/div><\/div><div class=\"fusion-layout-column fusion_builder_column fusion-builder-column-9 fusion_builder_column_1_3 1_3 fusion-one-third fusion-column-last\" style=\"--awb-bg-size:cover;width:33.33%;\"><div class=\"fusion-column-wrapper fusion-flex-column-wrapper-legacy\"><div class=\"fusion-clearfix\"><\/div><\/div><\/div><div class=\"fusion-layout-column fusion_builder_column fusion-builder-column-10 fusion_builder_column_1_3 1_3 fusion-one-third fusion-column-first\" style=\"--awb-bg-size:cover;width:33.33%; margin-right: 4%;\"><div class=\"fusion-column-wrapper fusion-flex-column-wrapper-legacy\"><div class=\"fusion-text fusion-text-5\"><p><em>&#8222;Stell Dir nur eine Sekunde vor, es w\u00e4re dein Kind.&#8220;<\/em><\/p>\n<p>Roman Weidenfeller, Fu\u00dfball-Weltmeister<\/p>\n<\/div><div class=\"fusion-clearfix\"><\/div><\/div><\/div><div class=\"fusion-layout-column fusion_builder_column fusion-builder-column-11 fusion_builder_column_1_3 1_3 fusion-one-third\" style=\"--awb-bg-size:cover;width:33.33%; margin-right: 4%;\"><div class=\"fusion-column-wrapper fusion-flex-column-wrapper-legacy\"><div class=\"fusion-text fusion-text-6\"><p><em>&#8222;Gewalt gegen Kinder ist die Kapitulation des Geistes Erwachsener und muss entschieden bek\u00e4mpft werden.&#8220;<\/em><\/p>\n<p>Tom Thomsen, Auktionator<\/p>\n<\/div><div class=\"fusion-clearfix\"><\/div><\/div><\/div><\/div><\/div>\n","protected":false},"excerpt":{"rendered":"","protected":false},"author":1,"featured_media":0,"parent":0,"menu_order":0,"comment_status":"closed","ping_status":"closed","template":"","meta":{"footnotes":""},"class_list":["post-1728","page","type-page","status-publish","hentry"],"_links":{"self":[{"href":"https:\/\/deutscher-kinderverein.de\/en\/wp-json\/wp\/v2\/pages\/1728","targetHints":{"allow":["GET"]}}],"collection":[{"href":"https:\/\/deutscher-kinderverein.de\/en\/wp-json\/wp\/v2\/pages"}],"about":[{"href":"https:\/\/deutscher-kinderverein.de\/en\/wp-json\/wp\/v2\/types\/page"}],"author":[{"embeddable":true,"href":"https:\/\/deutscher-kinderverein.de\/en\/wp-json\/wp\/v2\/users\/1"}],"replies":[{"embeddable":true,"href":"https:\/\/deutscher-kinderverein.de\/en\/wp-json\/wp\/v2\/comments?post=1728"}],"version-history":[{"count":0,"href":"https:\/\/deutscher-kinderverein.de\/en\/wp-json\/wp\/v2\/pages\/1728\/revisions"}],"wp:attachment":[{"href":"https:\/\/deutscher-kinderverein.de\/en\/wp-json\/wp\/v2\/media?parent=1728"}],"curies":[{"name":"wp","href":"https:\/\/api.w.org\/{rel}","templated":true}]}}

<div class="fusion-fullwidth fullwidth-box fusion-builder-row-1 hundred-percent-fullwidth non-hundred-percent-height-scrolling" style="--awb-border-radius-top-left:0px;--awb-border-radius-top-right:0px;--awb-border-radius-bottom-right:0px;--awb-border-radius-bottom-left:0px;--awb-overflow:visible;--awb-flex-wrap:wrap;" ><div class="fusion-builder-row fusion-row"><div class="fusion-layout-column fusion_builder_column fusion-builder-column-0 fusion_builder_column_1_1 1_1 fusion-one-full fusion-column-first fusion-column-last" style="--awb-bg-size:cover;"><div class="fusion-column-wrapper fusion-flex-column-wrapper-legacy"><div class="fusion-text fusion-text-1"><p><strong>Germany shows its true colours against child abuse.</strong><br />
<strong>Deutscher Kinderverein launches exhibition with celebrities</strong></p>
<p>They look serious, determined and resolute. Strikingly portrayed against a contrasting black background by photographer Carsten Sander, their faces display their true colours: songwriter Andreas Bourani, professional football player and member of Germany&#8217;s champion World Cup team Roman Weidenfeller, actor Mario Adorf and Armin Rohde, Hannelore Elsner and Andrea Sawatzki, Charité forensic medicine specialist Prof. Michael Tsokos, M.D., and others. The health insurance scheme BARMER GEK is cooperation partner in the campaign.</p>
<p>What is it that has aroused all these individuals? Every day, 11 children are severely beaten, requiring hospital treatment. A total of approximately 4000 cases have been recorded. In 2015, 130 children died from injuries caused by physical abuse. 81 per cent of them were less than six years old when they died. According to the German Federal Bureau of Investigation, 52 cases did not go beyond attempted murder. It is generally accepted, however, that all these numbers are only the tip of the iceberg, with the vast majority of cases remaining unreported. More than 200,000 children suffer abuse in Germany, according to forensic medicine specialists Tsokos and Etzold.</p>
<p>&#8222;We fight against the abuse of children and for their rights,&#8220; is the slogan of the Deutscher Kinderverein. More and more people are supporting this cause and are showing their true colours in the truest sense of the word. In a national photograph initiative, celebrities from the worlds of film, sports and the media as well as many people who are not in the limelight are taking up the topic. The exhibition is to be shown in the buildings of STILWERK gallery. All photos and statements furthermore feature in an 80-page exhibition catalogue.</p>
<p>Kinderverein would like to use this campaign to carry on the fight against the taboo topic of child abuse. It seeks to stir things up and inform. &#8222;We would be pleased if you would support us in this important task. Take a close look at the alarming facts and together with us show your true colours against child abuse,&#8220; is how Rainer Rettinger, Managing Director of the Kinderverein, sums up the initiative.</p>
<p>Here are some sample photos from the campaign:</p>
</div><div class="fusion-clearfix"></div></div></div><div class="fusion-layout-column fusion_builder_column fusion-builder-column-1 fusion_builder_column_1_3 1_3 fusion-one-third fusion-column-first" style="--awb-bg-size:cover;width:33.33%; margin-right: 4%;"><div class="fusion-column-wrapper fusion-flex-column-wrapper-legacy"><div class="fusion-image-element in-legacy-container" style="--awb-caption-title-font-family:var(--h2_typography-font-family);--awb-caption-title-font-weight:var(--h2_typography-font-weight);--awb-caption-title-font-style:var(--h2_typography-font-style);--awb-caption-title-size:var(--h2_typography-font-size);--awb-caption-title-transform:var(--h2_typography-text-transform);--awb-caption-title-line-height:var(--h2_typography-line-height);--awb-caption-title-letter-spacing:var(--h2_typography-letter-spacing);"><span class=" fusion-imageframe imageframe-none imageframe-1 hover-type-none"><img decoding="async" src="http://deutscher-kinderverein.de/en/wp-content/uploads/2016/09/Angelina-Rigby-1.jpg" alt class="img-responsive"/></span></div><div class="fusion-clearfix"></div></div></div><div class="fusion-layout-column fusion_builder_column fusion-builder-column-2 fusion_builder_column_1_3 1_3 fusion-one-third" style="--awb-bg-size:cover;width:33.33%; margin-right: 4%;"><div class="fusion-column-wrapper fusion-flex-column-wrapper-legacy"><div class="fusion-image-element in-legacy-container" style="--awb-caption-title-font-family:var(--h2_typography-font-family);--awb-caption-title-font-weight:var(--h2_typography-font-weight);--awb-caption-title-font-style:var(--h2_typography-font-style);--awb-caption-title-size:var(--h2_typography-font-size);--awb-caption-title-transform:var(--h2_typography-text-transform);--awb-caption-title-line-height:var(--h2_typography-line-height);--awb-caption-title-letter-spacing:var(--h2_typography-letter-spacing);"><span class=" fusion-imageframe imageframe-none imageframe-2 hover-type-none"><img decoding="async" src="http://deutscher-kinderverein.de/en/wp-content/uploads/2016/09/Konrad-Peschmann-THE-SHACK-1.jpg" alt class="img-responsive"/></span></div><div class="fusion-clearfix"></div></div></div><div class="fusion-layout-column fusion_builder_column fusion-builder-column-3 fusion_builder_column_1_3 1_3 fusion-one-third fusion-column-last" style="--awb-bg-size:cover;width:33.33%;"><div class="fusion-column-wrapper fusion-flex-column-wrapper-legacy"><div class="fusion-image-element in-legacy-container" style="--awb-caption-title-font-family:var(--h2_typography-font-family);--awb-caption-title-font-weight:var(--h2_typography-font-weight);--awb-caption-title-font-style:var(--h2_typography-font-style);--awb-caption-title-size:var(--h2_typography-font-size);--awb-caption-title-transform:var(--h2_typography-text-transform);--awb-caption-title-line-height:var(--h2_typography-line-height);--awb-caption-title-letter-spacing:var(--h2_typography-letter-spacing);"><span class=" fusion-imageframe imageframe-none imageframe-3 hover-type-none"><img decoding="async" src="http://deutscher-kinderverein.de/en/wp-content/uploads/2016/09/Melanie-Siegel-1-1.jpg" alt class="img-responsive"/></span></div><div class="fusion-clearfix"></div></div></div><div class="fusion-layout-column fusion_builder_column fusion-builder-column-4 fusion_builder_column_1_3 1_3 fusion-one-third fusion-column-first" style="--awb-bg-size:cover;width:33.33%; margin-right: 4%;"><div class="fusion-column-wrapper fusion-flex-column-wrapper-legacy"><div class="fusion-text fusion-text-2"><p><em>&#8222;Niemals gegen die Wehrlosen!&#8220;</em></p>
<p>Angelina Rigby, Senior Director Sales Central Europe</p>
</div><div class="fusion-clearfix"></div></div></div><div class="fusion-layout-column fusion_builder_column fusion-builder-column-5 fusion_builder_column_1_3 1_3 fusion-one-third" style="--awb-bg-size:cover;width:33.33%; margin-right: 4%;"><div class="fusion-column-wrapper fusion-flex-column-wrapper-legacy"><div class="fusion-text fusion-text-3"><p><em>&#8222;Wer an Schutzbefohlenen Gewalt ausübt, sollte sich dringend Hilfe aufsuchen, denn Gewaltbereitschaft hat immer eine Ursache, der man begegnen kann und muss!&#8220;</em></p>
<p>Konrad Peschmann, Tonmeister TheSoundShack GmbH, Hamburg</p>
</div><div class="fusion-clearfix"></div></div></div><div class="fusion-layout-column fusion_builder_column fusion-builder-column-6 fusion_builder_column_1_3 1_3 fusion-one-third fusion-column-last" style="--awb-bg-size:cover;width:33.33%;"><div class="fusion-column-wrapper fusion-flex-column-wrapper-legacy"><div class="fusion-text fusion-text-4"><p><em>&#8222;Gewalt gegen Kinder, Kindesmisshandlung ist ein Thema, das mich zutiefst erschüttert. Erfahren Kinder Gewalt und Misshandlung, hat das Auswirkungen auf ihre Zukunft. Denn auch wenn die äußeren Wunden schon längst verheilt sind, können die inneren Wunden ein Leben lang bleiben.&#8220;</em></p>
<p>Melanie Siegel, Dipl. Sozialwissenschaftlerin, Fachberaterin für Psychotraumatologie</p>
</div><div class="fusion-clearfix"></div></div></div><div class="fusion-layout-column fusion_builder_column fusion-builder-column-7 fusion_builder_column_1_3 1_3 fusion-one-third fusion-column-first" style="--awb-bg-size:cover;width:33.33%; margin-right: 4%;"><div class="fusion-column-wrapper fusion-flex-column-wrapper-legacy"><div class="fusion-image-element in-legacy-container" style="--awb-caption-title-font-family:var(--h2_typography-font-family);--awb-caption-title-font-weight:var(--h2_typography-font-weight);--awb-caption-title-font-style:var(--h2_typography-font-style);--awb-caption-title-size:var(--h2_typography-font-size);--awb-caption-title-transform:var(--h2_typography-text-transform);--awb-caption-title-line-height:var(--h2_typography-line-height);--awb-caption-title-letter-spacing:var(--h2_typography-letter-spacing);"><span class=" fusion-imageframe imageframe-none imageframe-4 hover-type-none"><img decoding="async" src="http://deutscher-kinderverein.de/en/wp-content/uploads/2016/09/Roman.jpg" alt class="img-responsive"/></span></div><div class="fusion-clearfix"></div></div></div><div class="fusion-layout-column fusion_builder_column fusion-builder-column-8 fusion_builder_column_1_3 1_3 fusion-one-third" style="--awb-bg-size:cover;width:33.33%; margin-right: 4%;"><div class="fusion-column-wrapper fusion-flex-column-wrapper-legacy"><div class="fusion-image-element in-legacy-container" style="--awb-caption-title-font-family:var(--h2_typography-font-family);--awb-caption-title-font-weight:var(--h2_typography-font-weight);--awb-caption-title-font-style:var(--h2_typography-font-style);--awb-caption-title-size:var(--h2_typography-font-size);--awb-caption-title-transform:var(--h2_typography-text-transform);--awb-caption-title-line-height:var(--h2_typography-line-height);--awb-caption-title-letter-spacing:var(--h2_typography-letter-spacing);"><span class=" fusion-imageframe imageframe-none imageframe-5 hover-type-none"><img decoding="async" src="http://deutscher-kinderverein.de/en/wp-content/uploads/2016/09/Tom-Thomsen-Auktionator-1.jpg" alt class="img-responsive"/></span></div><div class="fusion-clearfix"></div></div></div><div class="fusion-layout-column fusion_builder_column fusion-builder-column-9 fusion_builder_column_1_3 1_3 fusion-one-third fusion-column-last" style="--awb-bg-size:cover;width:33.33%;"><div class="fusion-column-wrapper fusion-flex-column-wrapper-legacy"><div class="fusion-clearfix"></div></div></div><div class="fusion-layout-column fusion_builder_column fusion-builder-column-10 fusion_builder_column_1_3 1_3 fusion-one-third fusion-column-first" style="--awb-bg-size:cover;width:33.33%; margin-right: 4%;"><div class="fusion-column-wrapper fusion-flex-column-wrapper-legacy"><div class="fusion-text fusion-text-5"><p><em>&#8222;Stell Dir nur eine Sekunde vor, es wäre dein Kind.&#8220;</em></p>
<p>Roman Weidenfeller, Fußball-Weltmeister</p>
</div><div class="fusion-clearfix"></div></div></div><div class="fusion-layout-column fusion_builder_column fusion-builder-column-11 fusion_builder_column_1_3 1_3 fusion-one-third" style="--awb-bg-size:cover;width:33.33%; margin-right: 4%;"><div class="fusion-column-wrapper fusion-flex-column-wrapper-legacy"><div class="fusion-text fusion-text-6"><p><em>&#8222;Gewalt gegen Kinder ist die Kapitulation des Geistes Erwachsener und muss entschieden bekämpft werden.&#8220;</em></p>
<p>Tom Thomsen, Auktionator</p>
</div><div class="fusion-clearfix"></div></div></div></div></div>
