{"id":1719,"date":"2016-09-12T12:33:54","date_gmt":"2016-09-12T10:33:54","guid":{"rendered":"http:\/\/deutscher-kinderverein.de\/en\/?page_id=1719"},"modified":"2024-08-27T23:11:15","modified_gmt":"2024-08-27T21:11:15","slug":"barmer","status":"publish","type":"page","link":"https:\/\/deutscher-kinderverein.de\/en\/barmer\/","title":{"rendered":"Barmer"},"content":{"rendered":"<div class=\"fusion-fullwidth fullwidth-box fusion-builder-row-1 hundred-percent-fullwidth non-hundred-percent-height-scrolling\" style=\"--awb-border-radius-top-left:0px;--awb-border-radius-top-right:0px;--awb-border-radius-bottom-right:0px;--awb-border-radius-bottom-left:0px;--awb-overflow:visible;--awb-flex-wrap:wrap;\" ><div class=\"fusion-builder-row fusion-row\"><div class=\"fusion-layout-column fusion_builder_column fusion-builder-column-0 fusion_builder_column_1_1 1_1 fusion-one-full fusion-column-first fusion-column-last\" style=\"--awb-bg-size:cover;\"><div class=\"fusion-column-wrapper fusion-flex-column-wrapper-legacy\"><div class=\"fusion-image-element in-legacy-container\" style=\"--awb-caption-title-font-family:var(--h2_typography-font-family);--awb-caption-title-font-weight:var(--h2_typography-font-weight);--awb-caption-title-font-style:var(--h2_typography-font-style);--awb-caption-title-size:var(--h2_typography-font-size);--awb-caption-title-transform:var(--h2_typography-text-transform);--awb-caption-title-line-height:var(--h2_typography-line-height);--awb-caption-title-letter-spacing:var(--h2_typography-letter-spacing);\"><span class=\" fusion-imageframe imageframe-none imageframe-1 hover-type-none\"><img decoding=\"async\" src=\"http:\/\/deutscher-kinderverein.de\/en\/wp-content\/uploads\/2016\/09\/barmer-kampagne.jpg\" alt class=\"img-responsive\"\/><\/span><\/div><div class=\"fusion-clearfix\"><\/div><\/div><\/div><div class=\"fusion-layout-column fusion_builder_column fusion-builder-column-1 fusion_builder_column_1_1 1_1 fusion-one-full fusion-column-first fusion-column-last\" style=\"--awb-bg-size:cover;\"><div class=\"fusion-column-wrapper fusion-flex-column-wrapper-legacy\"><div class=\"fusion-text fusion-text-1\"><p><strong>GEMEINSAM GEGEN KINDESMISSHANDLUNG<\/strong><\/p>\n<p>BARMER beteiligt sich an Kampagne des Deutschen Kindervereins<\/p>\n<p><strong>Gewalt, Missbrauch, Vernachl\u00e4ssigung \u2013 jeden Tag erleben Hunderte Kinder \u00dcbergriffe und Misshandlungen durch Erwachsene. <\/strong><br \/>\n<strong>\u201eHandeln statt wegschauen\u201d, fordert der Deutsche Kinderverein.<\/strong><\/p>\n<p>Die Fakten sind erschreckend und d\u00fcster: Jeden Tag erleiden Hunderte Kinder in Deutschland Misshandlungen durch Erwachsene, werden geschlagen, gequ\u00e4lt, missbraucht, vernachl\u00e4ssigt. Die meisten \u00dcbergriffe geschehen in den Familien, in der Nachbarschaft, nebenan \u2013 und m\u00fcssten eigentlich bemerkt werden. Warum Hilfe f\u00fcr die wehrlosen Opfer viel zu oft ausbleibt oder zu sp\u00e4t kommt, ist kaum zu begreifen. Laut Kriminalstatistik starben 108 Kinder im Jahr 2014 an den Folgen von Gewalt, es gab 81 T\u00f6tungsversuche und 4.233 Kinder wurden misshandelt \u2013 Dunkelziffer unbekannt.<\/p>\n<p><strong>Aufr\u00fctteln und mahnen<\/strong><br \/>\nSehr ernst, fast anklagend schauen deshalb die Initiatoren und Mitstreiter der Kampagne \u201eDeutschland zeigt Gesicht gegen Kindesmisshandlung\u201d, darunter etliche Prominente, die sich im Deutschen Kinderverein f\u00fcr die Rechte von Kindern engagieren. Die Kampagne, an der sich auch die BARMER beteiligt, will aufr\u00fctteln, aufmerksam machen und an alle Menschen und Institutionen hierzulande appellieren: \u201eNicht wegschauen, sondern helfen, damit Kinder gesund aufwachsen k\u00f6nnen!\u201d<\/p>\n<p><strong>Hilfe f\u00fcr die Hilflosen<\/strong><br \/>\nDass dies leider nicht selbstverst\u00e4ndlich ist, zeigen eindrucksvoll die Behandlungszahlen in der Kinderschutzambulanz der Vestischen Kinder- und Jugendklinik Datteln. Seit sie im Jahr 2011 ihre Arbeit aufnahm, hat sich die Zahl der dort vorgestellten Kinder von anfangs 124 auf 750 F\u00e4lle im Jahr 2015 versechsfacht. Kinderschutzambulanzen als professionelle Anlaufstellen, wo sich speziell geschulte \u00c4rzte, Psychologen und Mitarbeiter mit viel Einf\u00fchlungsverm\u00f6gen und Zeit den misshandelten Kindern zuwenden, gibt es bisher viel zu selten und meist sind sie auf Spenden angewiesen. Zwar ist die medizinische Grundversorgung finanziell gesichert. Doch die zus\u00e4tzliche Zeit, die diese sensible Behandlung erfordert, ist nicht \u00fcber das Verg\u00fctungssystem abgedeckt. Als erste gesetzliche Krankenkasse legte die BARMER mit der Vestischen Kinder-und Jugendklinik vertraglich fest, diese wichtigen Leistungen f\u00fcr ihre Versicherten zu finanzieren.<\/p>\n<p><strong>Prominente Unterst\u00fctzung<\/strong><br \/>\nDavon erfuhr aus der Zeitung der bekannte Schauspieler und Botschafter des Deutschen Kindervereins, Armin Rohde. Er informierte den Gesch\u00e4ftsf\u00fchrer des Vereins, Rainer Rettinger, \u00fcber das Engagement der BARMER und brachte ihn so auf die Idee, mit der Kasse zu kooperieren: \u201eWir freuen uns, dass sich der BARMER Vorstandsvorsitzende Dr. Christoph Straub pers\u00f6nlich in unsere Kampagne einbringt.\u201d Prominente und kompetente Unterst\u00fctzung konnte Rettinger seit der Vereinsgr\u00fcndung vor vier Jahren vielfach gewinnen. Insbesondere die Erfahrungen des Rechtsmediziners Prof. Dr. Michael Tsokos pr\u00e4gen die Arbeit und die Ziele des Vereins, der sich ausschlie\u00dflich aus Spenden und Sponsering finanziert. Getragen wird der Verein neben zahlreichen unterst\u00fctzenden Sympathisanten vor allem durch das intensive Engagement seiner offiziellen Botschafter. In 20-Sekunden-TV-Spots, die einige Privatsender kostenlos ausstrahlen, formulieren Andreas Bourani, Armin Rohde und Andrea Sawatzki eindringlich ihre pers\u00f6nlichen Appelle gegen Kindesmisshandlung. So wie viele weitere Mitstreiter, die demn\u00e4chst in einer Wanderausstellung ihr Gesicht zeigen und Position beziehen \u2013 darunter auch BARMER Chef Dr. Christoph Straub: \u201eWir alle tragen eine Mitschuld, wenn wir beim Thema Kindesmisshandlung wegschauen und nicht handeln. Geben wir den Schw\u00e4chsten in unserer Gesellschaft endlich eine starke Stimme. Helfen auch Sie mit!\u201d<\/p>\n<\/div><div class=\"fusion-clearfix\"><\/div><\/div><\/div><\/div><\/div>\n","protected":false},"excerpt":{"rendered":"","protected":false},"author":1,"featured_media":0,"parent":0,"menu_order":0,"comment_status":"closed","ping_status":"closed","template":"","meta":{"footnotes":""},"class_list":["post-1719","page","type-page","status-publish","hentry"],"_links":{"self":[{"href":"https:\/\/deutscher-kinderverein.de\/en\/wp-json\/wp\/v2\/pages\/1719","targetHints":{"allow":["GET"]}}],"collection":[{"href":"https:\/\/deutscher-kinderverein.de\/en\/wp-json\/wp\/v2\/pages"}],"about":[{"href":"https:\/\/deutscher-kinderverein.de\/en\/wp-json\/wp\/v2\/types\/page"}],"author":[{"embeddable":true,"href":"https:\/\/deutscher-kinderverein.de\/en\/wp-json\/wp\/v2\/users\/1"}],"replies":[{"embeddable":true,"href":"https:\/\/deutscher-kinderverein.de\/en\/wp-json\/wp\/v2\/comments?post=1719"}],"version-history":[{"count":0,"href":"https:\/\/deutscher-kinderverein.de\/en\/wp-json\/wp\/v2\/pages\/1719\/revisions"}],"wp:attachment":[{"href":"https:\/\/deutscher-kinderverein.de\/en\/wp-json\/wp\/v2\/media?parent=1719"}],"curies":[{"name":"wp","href":"https:\/\/api.w.org\/{rel}","templated":true}]}}

<div class="fusion-fullwidth fullwidth-box fusion-builder-row-1 hundred-percent-fullwidth non-hundred-percent-height-scrolling" style="--awb-border-radius-top-left:0px;--awb-border-radius-top-right:0px;--awb-border-radius-bottom-right:0px;--awb-border-radius-bottom-left:0px;--awb-overflow:visible;--awb-flex-wrap:wrap;" ><div class="fusion-builder-row fusion-row"><div class="fusion-layout-column fusion_builder_column fusion-builder-column-0 fusion_builder_column_1_1 1_1 fusion-one-full fusion-column-first fusion-column-last" style="--awb-bg-size:cover;"><div class="fusion-column-wrapper fusion-flex-column-wrapper-legacy"><div class="fusion-image-element in-legacy-container" style="--awb-caption-title-font-family:var(--h2_typography-font-family);--awb-caption-title-font-weight:var(--h2_typography-font-weight);--awb-caption-title-font-style:var(--h2_typography-font-style);--awb-caption-title-size:var(--h2_typography-font-size);--awb-caption-title-transform:var(--h2_typography-text-transform);--awb-caption-title-line-height:var(--h2_typography-line-height);--awb-caption-title-letter-spacing:var(--h2_typography-letter-spacing);"><span class=" fusion-imageframe imageframe-none imageframe-1 hover-type-none"><img decoding="async" src="http://deutscher-kinderverein.de/en/wp-content/uploads/2016/09/barmer-kampagne.jpg" alt class="img-responsive"/></span></div><div class="fusion-clearfix"></div></div></div><div class="fusion-layout-column fusion_builder_column fusion-builder-column-1 fusion_builder_column_1_1 1_1 fusion-one-full fusion-column-first fusion-column-last" style="--awb-bg-size:cover;"><div class="fusion-column-wrapper fusion-flex-column-wrapper-legacy"><div class="fusion-text fusion-text-1"><p><strong>GEMEINSAM GEGEN KINDESMISSHANDLUNG</strong></p>
<p>BARMER beteiligt sich an Kampagne des Deutschen Kindervereins</p>
<p><strong>Gewalt, Missbrauch, Vernachlässigung – jeden Tag erleben Hunderte Kinder Übergriffe und Misshandlungen durch Erwachsene. </strong><br />
<strong>„Handeln statt wegschauen”, fordert der Deutsche Kinderverein.</strong></p>
<p>Die Fakten sind erschreckend und düster: Jeden Tag erleiden Hunderte Kinder in Deutschland Misshandlungen durch Erwachsene, werden geschlagen, gequält, missbraucht, vernachlässigt. Die meisten Übergriffe geschehen in den Familien, in der Nachbarschaft, nebenan – und müssten eigentlich bemerkt werden. Warum Hilfe für die wehrlosen Opfer viel zu oft ausbleibt oder zu spät kommt, ist kaum zu begreifen. Laut Kriminalstatistik starben 108 Kinder im Jahr 2014 an den Folgen von Gewalt, es gab 81 Tötungsversuche und 4.233 Kinder wurden misshandelt – Dunkelziffer unbekannt.</p>
<p><strong>Aufrütteln und mahnen</strong><br />
Sehr ernst, fast anklagend schauen deshalb die Initiatoren und Mitstreiter der Kampagne „Deutschland zeigt Gesicht gegen Kindesmisshandlung”, darunter etliche Prominente, die sich im Deutschen Kinderverein für die Rechte von Kindern engagieren. Die Kampagne, an der sich auch die BARMER beteiligt, will aufrütteln, aufmerksam machen und an alle Menschen und Institutionen hierzulande appellieren: „Nicht wegschauen, sondern helfen, damit Kinder gesund aufwachsen können!”</p>
<p><strong>Hilfe für die Hilflosen</strong><br />
Dass dies leider nicht selbstverständlich ist, zeigen eindrucksvoll die Behandlungszahlen in der Kinderschutzambulanz der Vestischen Kinder- und Jugendklinik Datteln. Seit sie im Jahr 2011 ihre Arbeit aufnahm, hat sich die Zahl der dort vorgestellten Kinder von anfangs 124 auf 750 Fälle im Jahr 2015 versechsfacht. Kinderschutzambulanzen als professionelle Anlaufstellen, wo sich speziell geschulte Ärzte, Psychologen und Mitarbeiter mit viel Einfühlungsvermögen und Zeit den misshandelten Kindern zuwenden, gibt es bisher viel zu selten und meist sind sie auf Spenden angewiesen. Zwar ist die medizinische Grundversorgung finanziell gesichert. Doch die zusätzliche Zeit, die diese sensible Behandlung erfordert, ist nicht über das Vergütungssystem abgedeckt. Als erste gesetzliche Krankenkasse legte die BARMER mit der Vestischen Kinder-und Jugendklinik vertraglich fest, diese wichtigen Leistungen für ihre Versicherten zu finanzieren.</p>
<p><strong>Prominente Unterstützung</strong><br />
Davon erfuhr aus der Zeitung der bekannte Schauspieler und Botschafter des Deutschen Kindervereins, Armin Rohde. Er informierte den Geschäftsführer des Vereins, Rainer Rettinger, über das Engagement der BARMER und brachte ihn so auf die Idee, mit der Kasse zu kooperieren: „Wir freuen uns, dass sich der BARMER Vorstandsvorsitzende Dr. Christoph Straub persönlich in unsere Kampagne einbringt.” Prominente und kompetente Unterstützung konnte Rettinger seit der Vereinsgründung vor vier Jahren vielfach gewinnen. Insbesondere die Erfahrungen des Rechtsmediziners Prof. Dr. Michael Tsokos prägen die Arbeit und die Ziele des Vereins, der sich ausschließlich aus Spenden und Sponsering finanziert. Getragen wird der Verein neben zahlreichen unterstützenden Sympathisanten vor allem durch das intensive Engagement seiner offiziellen Botschafter. In 20-Sekunden-TV-Spots, die einige Privatsender kostenlos ausstrahlen, formulieren Andreas Bourani, Armin Rohde und Andrea Sawatzki eindringlich ihre persönlichen Appelle gegen Kindesmisshandlung. So wie viele weitere Mitstreiter, die demnächst in einer Wanderausstellung ihr Gesicht zeigen und Position beziehen – darunter auch BARMER Chef Dr. Christoph Straub: „Wir alle tragen eine Mitschuld, wenn wir beim Thema Kindesmisshandlung wegschauen und nicht handeln. Geben wir den Schwächsten in unserer Gesellschaft endlich eine starke Stimme. Helfen auch Sie mit!”</p>
</div><div class="fusion-clearfix"></div></div></div></div></div>
